{"id":8,"date":"2021-06-14T22:39:57","date_gmt":"2021-06-14T20:39:57","guid":{"rendered":"http:\/\/aulune.fr\/?page_id=8"},"modified":"2024-09-10T16:59:52","modified_gmt":"2024-09-10T14:59:52","slug":"qui-sommes-nous","status":"publish","type":"page","link":"https:\/\/aulune.fr\/?page_id=8","title":{"rendered":"L&rsquo;Atelier"},"content":{"rendered":"\n<p><\/p>\n\n\n\n<p>\u25cf <span class=\"has-inline-color has-color-1-color\"><strong>Des ateliers couture et DIY pour les enfants et les adultes<\/strong><\/span><\/p>\n\n\n\n<p><span class=\"has-inline-color has-color-1-color\">Dans mon atelier, je propose des ateliers couture mais aussi des ateliers cr\u00e9atifs. Ces ateliers sont parfois pour les enfants, d\u2019autres fois pour les adultes, et certains autres sont des ateliers \u00ab&nbsp;duo&nbsp;\u00bb &#8211; car des fois, quand on est petit, on a besoin d\u2019un grand mais surtout, quand on est grand, on a besoin d\u2019un petit&nbsp;\ud83d\ude0a Ce qui est s\u00fbr, c\u2019est \u00ab&nbsp;qu\u2019\u00e0 2, tout est mieux&nbsp;!&nbsp;\u00bb. Les ateliers enfants sont con\u00e7us pour les gar\u00e7ons et pour les filles (on ne fera pas que de tutus roses \u00e0 paillettes m\u00eame si on adoore \u00e7a&nbsp;!). <strong>Les parents sont les bienvenus<\/strong>&nbsp;\ud83d\ude0a<\/span><\/p>\n\n\n\n<figure class=\"wp-block-image size-large\"><img loading=\"lazy\" decoding=\"async\" width=\"1024\" height=\"768\" src=\"http:\/\/aulune.fr\/wp-content\/uploads\/2021\/06\/IMG_0659-1024x768.jpg\" alt=\"Atelier Aulune\" class=\"wp-image-23\" srcset=\"https:\/\/aulune.fr\/wp-content\/uploads\/2021\/06\/IMG_0659-1024x768.jpg 1024w, https:\/\/aulune.fr\/wp-content\/uploads\/2021\/06\/IMG_0659-300x225.jpg 300w, https:\/\/aulune.fr\/wp-content\/uploads\/2021\/06\/IMG_0659-768x576.jpg 768w, https:\/\/aulune.fr\/wp-content\/uploads\/2021\/06\/IMG_0659-1536x1152.jpg 1536w, https:\/\/aulune.fr\/wp-content\/uploads\/2021\/06\/IMG_0659-2048x1536.jpg 2048w, https:\/\/aulune.fr\/wp-content\/uploads\/2021\/06\/IMG_0659-580x435.jpg 580w, https:\/\/aulune.fr\/wp-content\/uploads\/2021\/06\/IMG_0659-860x645.jpg 860w, https:\/\/aulune.fr\/wp-content\/uploads\/2021\/06\/IMG_0659-1160x870.jpg 1160w\" sizes=\"auto, (max-width: 1024px) 100vw, 1024px\" \/><figcaption>Des ateliers pour tous !<\/figcaption><\/figure>\n\n\n\n<p>\u25cf <span class=\"has-inline-color has-color-1-color\"><strong>Les Ateliers Couture \u00e0 la carte<\/strong><\/span><strong><span class=\"has-inline-color has-color-1-color\"> en pas \u00e0 pas<\/span><\/strong><\/p>\n\n\n\n<p><span class=\"has-inline-color has-color-1-color\">Les Ateliers Couture permettent de d\u00e9couvrir la couture pour les d\u00e9butantes et d\u2019acqu\u00e9rir des techniques de bases pour les interm\u00e9diaires (c\u2019est-\u00e0-dire celles qui cousent chez elles mais qui ne sont pas tr\u00e8s s\u00fbres d\u2019elles&nbsp;\ud83d\ude0a). Ce sont des ateliers \u00e0 la carte&nbsp;: vous prenez RDV selon vos disponibilit\u00e9s et choisissez un th\u00e8me selon vos envies. Vous utiliserez les machines \u00e0 coudre de l\u2019Atelier. Si vous avez votre MAC, vous pouvez l\u2019emmener si vous pr\u00e9f\u00e9rez coudre avec.<\/span><\/p>\n\n\n\n<p><span class=\"has-inline-color has-color-1-color\"> Le tarif des ateliers est de 35\u20ac (sauf l\u2019atelier Mes premiers pas avec la MAC qui est \u00e0 25\u20ac et l\u2019atelier besace en simili cuir qui est \u00e0 50\u20ac). Vous utilisez les machines de l&rsquo;Atelier (vous pouvez emmener la v\u00f4tre si vous pr\u00e9f\u00e9rez) et tout le n\u00e9cessaire \u00e0 coudre est fourni, vous repartirez avec votre projet. Pr\u00e9voir 3 heures, sur RDV uniquement. Ces ateliers sont \u00e9galement disponibles sous forme de bon cadeau. <\/span><\/p>\n\n\n\n<p><strong><span class=\"has-inline-color has-color-1-color\">Mes premiers pas avec la Machine \u00e0 coudre<\/span><\/strong><\/p>\n\n\n\n<p><span class=\"has-inline-color has-color-1-color\">Ensemble, nous d\u00e9couvrirons comment fonctionne la machine \u00e0 coudre&nbsp;: passer les fils, remplir une canette, les diff\u00e9rents points etc\u2026<\/span>.<\/p>\n\n\n\n<p><span class=\"has-inline-color has-color-1-color\">Tarif&nbsp;: 25\u20ac. Pour cette s\u00e9ance d\u00e9couverte, tout sera fourni<\/span>&nbsp;\ud83d\ude0a<\/p>\n\n\n\n<p><strong><span class=\"has-inline-color has-color-1-color\">R\u00e9alisation de lingettes et d\u2019une pani\u00e8re en tissu<\/span><\/strong><\/p>\n\n\n\n<p><span class=\"has-inline-color has-color-1-color\">Cet atelier permet de se familiariser a<\/span>vec la MAC, tout en repartant ave<span class=\"has-inline-color has-color-1-color\">c un projet couture sympa.<\/span><\/p>\n\n\n\n<p><span class=\"has-inline-color has-color-1-color\">Tarif&nbsp;: 35\u20ac.<\/span><\/p>\n\n\n\n<p><strong><span class=\"has-inline-color has-color-1-color\">R\u00e9alisation d\u2019un tote-bag<\/span><\/strong><\/p>\n\n\n\n<p><span class=\"has-inline-color has-color-1-color\">Id\u00e9al en toutes circonstances, on ne peut plus s\u2019en passer&nbsp;! Je vous propose de r\u00e9aliser ensemble un tote-bag simple. Ce sera l\u2019occasion pour vous de faire vos premiers pas avec la surjeteuse&nbsp;!<\/span><\/p>\n\n\n\n<p><span class=\"has-inline-color has-color-1-color\">Tarif&nbsp;: 35\u20ac.<\/span><\/p>\n\n\n\n<p><strong><span class=\"has-inline-color has-color-1-color\">R\u00e9alisation d\u2019un tablier<\/span><\/strong><\/p>\n\n\n\n<p><span class=\"has-inline-color has-color-1-color\">Utile pour la cuisine ou le bricolage, accessoire incontournable de nos grands-m\u00e8res, personnellement, je les adore, je vous propose de coudre ensemble un tablier.<\/span><\/p>\n\n\n\n<p><span class=\"has-inline-color has-color-1-color\">Tarif&nbsp;: 35\u20ac<\/span><\/p>\n\n\n\n<p><strong><span class=\"has-inline-color has-color-1-color\">R\u00e9alisation d\u2019une trousse<\/span><\/strong><\/p>\n\n\n\n<p>T<span class=\"has-inline-color has-color-1-color\">oujours id\u00e9al dans le fond d\u2019un sac, je vous propose de coudre une trousse. Ce sera l\u2019occasion de d\u00e9couvrir comment poser une fermeture \u00e9clair.<\/span><\/p>\n\n\n\n<p><span class=\"has-inline-color has-color-1-color\">Tarif&nbsp;: 35\u20ac<\/span><\/p>\n\n\n\n<p><span class=\"has-inline-color has-color-1-color\">Pour les interm\u00e9diaires  <strong>R\u00e9alisation d\u2019un sac \u00e0 main \u2013 style besace \u2013 en simili cuir<\/strong>. Vous apprendrez \u00e0 monter un sac \u00e0 main et \u00e0 coudre du simili.<\/span><\/p>\n\n\n\n<p><span class=\"has-inline-color has-color-1-color\">Tarif&nbsp;: 50\u20ac par personne. Tout le mat\u00e9riel est inclus&nbsp;: simili cuir, tissu de doublure, sangle, anneau.<\/span><\/p>\n\n\n\n<p>\u25cf <strong><span class=\"has-inline-color has-color-1-color\">Des Go\u00fbters Couture pour les enfants<\/span><\/strong><\/p>\n\n\n\n<p><span class=\"has-inline-color has-color-1-color\">Les go\u00fbters Couture s\u2019adressent aux enfants \u00e0 partir de 8 ans qui souhaitent se lancer en couture. Nous leur apprenons \u00e0 coudre pas \u00e0 pas \u00e0 travers des projets simples&nbsp;: coussin, tote bag\u2026 Attention&nbsp;: <strong>Inscription obligatoire \u2013 Place limit\u00e9e. Inscription annuelle 70\u20ac &#8211; s\u00e9ance de 2h00, soit 1 s\u00e9ance par mois, le mercredi apr\u00e8s-midi ou le samedi matin, d\u2019octobre \u00e0 juin.<\/strong> <strong>Attention, les tissus et les fils ne sont pas fournis.<\/strong><\/span><\/p>\n\n\n\n<figure class=\"wp-block-gallery columns-3 is-cropped wp-block-gallery-1 is-layout-flex wp-block-gallery-is-layout-flex\"><ul class=\"blocks-gallery-grid\"><li class=\"blocks-gallery-item\"><figure><img loading=\"lazy\" decoding=\"async\" width=\"686\" height=\"1024\" src=\"http:\/\/aulune.fr\/wp-content\/uploads\/2021\/08\/20210529_151857-2-686x1024.jpg\" alt=\"\" data-id=\"248\" data-full-url=\"http:\/\/aulune.fr\/wp-content\/uploads\/2021\/08\/20210529_151857-2-scaled.jpg\" data-link=\"http:\/\/aulune.fr\/?attachment_id=248\" class=\"wp-image-248\" srcset=\"https:\/\/aulune.fr\/wp-content\/uploads\/2021\/08\/20210529_151857-2-686x1024.jpg 686w, https:\/\/aulune.fr\/wp-content\/uploads\/2021\/08\/20210529_151857-2-201x300.jpg 201w, https:\/\/aulune.fr\/wp-content\/uploads\/2021\/08\/20210529_151857-2-768x1146.jpg 768w, https:\/\/aulune.fr\/wp-content\/uploads\/2021\/08\/20210529_151857-2-1029x1536.jpg 1029w, https:\/\/aulune.fr\/wp-content\/uploads\/2021\/08\/20210529_151857-2-1373x2048.jpg 1373w, https:\/\/aulune.fr\/wp-content\/uploads\/2021\/08\/20210529_151857-2-580x865.jpg 580w, https:\/\/aulune.fr\/wp-content\/uploads\/2021\/08\/20210529_151857-2-860x1283.jpg 860w, https:\/\/aulune.fr\/wp-content\/uploads\/2021\/08\/20210529_151857-2-1160x1731.jpg 1160w, https:\/\/aulune.fr\/wp-content\/uploads\/2021\/08\/20210529_151857-2-1320x1969.jpg 1320w, https:\/\/aulune.fr\/wp-content\/uploads\/2021\/08\/20210529_151857-2-scaled.jpg 1716w\" sizes=\"auto, (max-width: 686px) 100vw, 686px\" \/><\/figure><\/li><li class=\"blocks-gallery-item\"><figure><img loading=\"lazy\" decoding=\"async\" width=\"576\" height=\"1024\" src=\"http:\/\/aulune.fr\/wp-content\/uploads\/2021\/08\/20210529_151958-576x1024.jpg\" alt=\"\" data-id=\"249\" data-full-url=\"http:\/\/aulune.fr\/wp-content\/uploads\/2021\/08\/20210529_151958-scaled.jpg\" data-link=\"http:\/\/aulune.fr\/?attachment_id=249\" class=\"wp-image-249\" srcset=\"https:\/\/aulune.fr\/wp-content\/uploads\/2021\/08\/20210529_151958-576x1024.jpg 576w, https:\/\/aulune.fr\/wp-content\/uploads\/2021\/08\/20210529_151958-169x300.jpg 169w, https:\/\/aulune.fr\/wp-content\/uploads\/2021\/08\/20210529_151958-768x1365.jpg 768w, https:\/\/aulune.fr\/wp-content\/uploads\/2021\/08\/20210529_151958-864x1536.jpg 864w, https:\/\/aulune.fr\/wp-content\/uploads\/2021\/08\/20210529_151958-1152x2048.jpg 1152w, https:\/\/aulune.fr\/wp-content\/uploads\/2021\/08\/20210529_151958-580x1031.jpg 580w, https:\/\/aulune.fr\/wp-content\/uploads\/2021\/08\/20210529_151958-860x1529.jpg 860w, https:\/\/aulune.fr\/wp-content\/uploads\/2021\/08\/20210529_151958-1160x2062.jpg 1160w, https:\/\/aulune.fr\/wp-content\/uploads\/2021\/08\/20210529_151958-1320x2347.jpg 1320w, https:\/\/aulune.fr\/wp-content\/uploads\/2021\/08\/20210529_151958-scaled.jpg 1440w\" sizes=\"auto, (max-width: 576px) 100vw, 576px\" \/><\/figure><\/li><li class=\"blocks-gallery-item\"><figure><img loading=\"lazy\" decoding=\"async\" width=\"576\" height=\"1024\" src=\"http:\/\/aulune.fr\/wp-content\/uploads\/2021\/08\/20210529_155005-576x1024.jpg\" alt=\"\" data-id=\"251\" data-full-url=\"http:\/\/aulune.fr\/wp-content\/uploads\/2021\/08\/20210529_155005-scaled.jpg\" data-link=\"http:\/\/aulune.fr\/?attachment_id=251\" class=\"wp-image-251\" srcset=\"https:\/\/aulune.fr\/wp-content\/uploads\/2021\/08\/20210529_155005-576x1024.jpg 576w, https:\/\/aulune.fr\/wp-content\/uploads\/2021\/08\/20210529_155005-169x300.jpg 169w, https:\/\/aulune.fr\/wp-content\/uploads\/2021\/08\/20210529_155005-768x1365.jpg 768w, https:\/\/aulune.fr\/wp-content\/uploads\/2021\/08\/20210529_155005-864x1536.jpg 864w, https:\/\/aulune.fr\/wp-content\/uploads\/2021\/08\/20210529_155005-1152x2048.jpg 1152w, https:\/\/aulune.fr\/wp-content\/uploads\/2021\/08\/20210529_155005-580x1031.jpg 580w, https:\/\/aulune.fr\/wp-content\/uploads\/2021\/08\/20210529_155005-860x1529.jpg 860w, https:\/\/aulune.fr\/wp-content\/uploads\/2021\/08\/20210529_155005-1160x2062.jpg 1160w, https:\/\/aulune.fr\/wp-content\/uploads\/2021\/08\/20210529_155005-1320x2347.jpg 1320w, https:\/\/aulune.fr\/wp-content\/uploads\/2021\/08\/20210529_155005-scaled.jpg 1440w\" sizes=\"auto, (max-width: 576px) 100vw, 576px\" \/><\/figure><\/li><\/ul><\/figure>\n\n\n\n<p>\u25cf <strong><span class=\"has-inline-color has-color-1-color\">Un bar \u00e0 coudre :<\/span><\/strong><\/p>\n\n\n\n<p><span class=\"has-inline-color has-color-1-color\">Location de machine \u00e0 coudre&nbsp;: vous avez envie de vous essayer \u00e0 la couture et vous n\u2019avez pas de machine&nbsp;? La v\u00f4tre vient de vous l\u00e2cher&nbsp;? Je vous propose un service de location de machines \u00e0 coudre \u2013 sur r\u00e9servation uniquement. Un ch\u00e8que de caution vous sera demand\u00e9 pour toute location. <\/span><\/p>\n\n\n\n<p><span class=\"has-inline-color has-color-1-color\">Location \u00e0 la journ\u00e9e&nbsp;: 12\u20ac <\/span><\/p>\n\n\n\n<p><span class=\"has-inline-color has-color-1-color\">Location au week-end (2 jours)&nbsp;: 20\u20ac<\/span><\/p>\n\n\n\n<p>.<\/p>\n\n\n\n<figure class=\"wp-block-gallery columns-2 is-cropped wp-block-gallery-2 is-layout-flex wp-block-gallery-is-layout-flex\"><ul class=\"blocks-gallery-grid\"><li class=\"blocks-gallery-item\"><figure><img loading=\"lazy\" decoding=\"async\" width=\"1024\" height=\"1024\" src=\"http:\/\/aulune.fr\/wp-content\/uploads\/2021\/08\/20210529_161143-1024x1024.jpg\" alt=\"\" data-id=\"223\" data-link=\"http:\/\/aulune.fr\/?attachment_id=223\" class=\"wp-image-223\" srcset=\"https:\/\/aulune.fr\/wp-content\/uploads\/2021\/08\/20210529_161143-1024x1024.jpg 1024w, https:\/\/aulune.fr\/wp-content\/uploads\/2021\/08\/20210529_161143-300x300.jpg 300w, https:\/\/aulune.fr\/wp-content\/uploads\/2021\/08\/20210529_161143-150x150.jpg 150w, https:\/\/aulune.fr\/wp-content\/uploads\/2021\/08\/20210529_161143-768x768.jpg 768w, https:\/\/aulune.fr\/wp-content\/uploads\/2021\/08\/20210529_161143-1536x1536.jpg 1536w, https:\/\/aulune.fr\/wp-content\/uploads\/2021\/08\/20210529_161143-2048x2048.jpg 2048w, https:\/\/aulune.fr\/wp-content\/uploads\/2021\/08\/20210529_161143-70x70.jpg 70w, https:\/\/aulune.fr\/wp-content\/uploads\/2021\/08\/20210529_161143-360x360.jpg 360w, https:\/\/aulune.fr\/wp-content\/uploads\/2021\/08\/20210529_161143-580x580.jpg 580w, https:\/\/aulune.fr\/wp-content\/uploads\/2021\/08\/20210529_161143-860x860.jpg 860w, https:\/\/aulune.fr\/wp-content\/uploads\/2021\/08\/20210529_161143-1160x1160.jpg 1160w, https:\/\/aulune.fr\/wp-content\/uploads\/2021\/08\/20210529_161143-1320x1320.jpg 1320w\" sizes=\"auto, (max-width: 1024px) 100vw, 1024px\" \/><\/figure><\/li><li class=\"blocks-gallery-item\"><figure><img loading=\"lazy\" decoding=\"async\" width=\"694\" height=\"1024\" src=\"http:\/\/aulune.fr\/wp-content\/uploads\/2021\/08\/20210529_161546-694x1024.jpg\" alt=\"\" data-id=\"225\" data-full-url=\"http:\/\/aulune.fr\/wp-content\/uploads\/2021\/08\/20210529_161546-scaled.jpg\" data-link=\"http:\/\/aulune.fr\/?attachment_id=225\" class=\"wp-image-225\" srcset=\"https:\/\/aulune.fr\/wp-content\/uploads\/2021\/08\/20210529_161546-694x1024.jpg 694w, https:\/\/aulune.fr\/wp-content\/uploads\/2021\/08\/20210529_161546-203x300.jpg 203w, https:\/\/aulune.fr\/wp-content\/uploads\/2021\/08\/20210529_161546-768x1134.jpg 768w, https:\/\/aulune.fr\/wp-content\/uploads\/2021\/08\/20210529_161546-1040x1536.jpg 1040w, https:\/\/aulune.fr\/wp-content\/uploads\/2021\/08\/20210529_161546-1387x2048.jpg 1387w, https:\/\/aulune.fr\/wp-content\/uploads\/2021\/08\/20210529_161546-580x856.jpg 580w, https:\/\/aulune.fr\/wp-content\/uploads\/2021\/08\/20210529_161546-860x1270.jpg 860w, https:\/\/aulune.fr\/wp-content\/uploads\/2021\/08\/20210529_161546-1160x1713.jpg 1160w, https:\/\/aulune.fr\/wp-content\/uploads\/2021\/08\/20210529_161546-1320x1949.jpg 1320w, https:\/\/aulune.fr\/wp-content\/uploads\/2021\/08\/20210529_161546-scaled.jpg 1734w\" sizes=\"auto, (max-width: 694px) 100vw, 694px\" \/><\/figure><\/li><\/ul><\/figure>\n\n\n\n<figure class=\"wp-block-gallery columns-2 is-cropped wp-block-gallery-3 is-layout-flex wp-block-gallery-is-layout-flex\"><ul class=\"blocks-gallery-grid\"><li class=\"blocks-gallery-item\"><figure><img loading=\"lazy\" decoding=\"async\" width=\"576\" height=\"1024\" src=\"http:\/\/aulune.fr\/wp-content\/uploads\/2021\/09\/20210529_155536-576x1024.jpg\" alt=\"\" data-id=\"344\" class=\"wp-image-344\" srcset=\"https:\/\/aulune.fr\/wp-content\/uploads\/2021\/09\/20210529_155536-576x1024.jpg 576w, https:\/\/aulune.fr\/wp-content\/uploads\/2021\/09\/20210529_155536-169x300.jpg 169w, https:\/\/aulune.fr\/wp-content\/uploads\/2021\/09\/20210529_155536-768x1365.jpg 768w, https:\/\/aulune.fr\/wp-content\/uploads\/2021\/09\/20210529_155536-864x1536.jpg 864w, https:\/\/aulune.fr\/wp-content\/uploads\/2021\/09\/20210529_155536-1152x2048.jpg 1152w, https:\/\/aulune.fr\/wp-content\/uploads\/2021\/09\/20210529_155536-580x1031.jpg 580w, https:\/\/aulune.fr\/wp-content\/uploads\/2021\/09\/20210529_155536-860x1529.jpg 860w, https:\/\/aulune.fr\/wp-content\/uploads\/2021\/09\/20210529_155536-1160x2062.jpg 1160w, https:\/\/aulune.fr\/wp-content\/uploads\/2021\/09\/20210529_155536-1320x2347.jpg 1320w, https:\/\/aulune.fr\/wp-content\/uploads\/2021\/09\/20210529_155536-scaled.jpg 1440w\" sizes=\"auto, (max-width: 576px) 100vw, 576px\" \/><\/figure><\/li><li class=\"blocks-gallery-item\"><figure><img loading=\"lazy\" decoding=\"async\" width=\"576\" height=\"1024\" src=\"http:\/\/aulune.fr\/wp-content\/uploads\/2021\/09\/20210529_155135-576x1024.jpg\" alt=\"\" data-id=\"348\" data-full-url=\"http:\/\/aulune.fr\/wp-content\/uploads\/2021\/09\/20210529_155135-scaled.jpg\" data-link=\"http:\/\/aulune.fr\/?attachment_id=348\" class=\"wp-image-348\" srcset=\"https:\/\/aulune.fr\/wp-content\/uploads\/2021\/09\/20210529_155135-576x1024.jpg 576w, https:\/\/aulune.fr\/wp-content\/uploads\/2021\/09\/20210529_155135-169x300.jpg 169w, https:\/\/aulune.fr\/wp-content\/uploads\/2021\/09\/20210529_155135-768x1365.jpg 768w, https:\/\/aulune.fr\/wp-content\/uploads\/2021\/09\/20210529_155135-864x1536.jpg 864w, https:\/\/aulune.fr\/wp-content\/uploads\/2021\/09\/20210529_155135-1152x2048.jpg 1152w, https:\/\/aulune.fr\/wp-content\/uploads\/2021\/09\/20210529_155135-580x1031.jpg 580w, https:\/\/aulune.fr\/wp-content\/uploads\/2021\/09\/20210529_155135-860x1529.jpg 860w, https:\/\/aulune.fr\/wp-content\/uploads\/2021\/09\/20210529_155135-1160x2062.jpg 1160w, https:\/\/aulune.fr\/wp-content\/uploads\/2021\/09\/20210529_155135-1320x2347.jpg 1320w, https:\/\/aulune.fr\/wp-content\/uploads\/2021\/09\/20210529_155135-scaled.jpg 1440w\" sizes=\"auto, (max-width: 576px) 100vw, 576px\" \/><\/figure><\/li><\/ul><\/figure>\n\n\n\n<p class=\"has-large-font-size\"><\/p>\n","protected":false},"excerpt":{"rendered":"<p>\u25cf Des ateliers couture et DIY pour les enfants et les adultes Dans mon atelier, je propose des ateliers couture mais aussi des ateliers cr\u00e9atifs. Ces ateliers sont parfois pour les enfants, d\u2019autres fois pour les adultes, et certains autres sont des ateliers \u00ab&nbsp;duo&nbsp;\u00bb &#8211; car des fois, quand on est petit, on a besoin&#8230;<\/p>\n","protected":false},"author":1,"featured_media":0,"parent":0,"menu_order":0,"comment_status":"closed","ping_status":"closed","template":"","meta":{"footnotes":""},"class_list":["post-8","page","type-page","status-publish","hentry"],"_links":{"self":[{"href":"https:\/\/aulune.fr\/index.php?rest_route=\/wp\/v2\/pages\/8","targetHints":{"allow":["GET"]}}],"collection":[{"href":"https:\/\/aulune.fr\/index.php?rest_route=\/wp\/v2\/pages"}],"about":[{"href":"https:\/\/aulune.fr\/index.php?rest_route=\/wp\/v2\/types\/page"}],"author":[{"embeddable":true,"href":"https:\/\/aulune.fr\/index.php?rest_route=\/wp\/v2\/users\/1"}],"replies":[{"embeddable":true,"href":"https:\/\/aulune.fr\/index.php?rest_route=%2Fwp%2Fv2%2Fcomments&post=8"}],"version-history":[{"count":29,"href":"https:\/\/aulune.fr\/index.php?rest_route=\/wp\/v2\/pages\/8\/revisions"}],"predecessor-version":[{"id":573,"href":"https:\/\/aulune.fr\/index.php?rest_route=\/wp\/v2\/pages\/8\/revisions\/573"}],"wp:attachment":[{"href":"https:\/\/aulune.fr\/index.php?rest_route=%2Fwp%2Fv2%2Fmedia&parent=8"}],"curies":[{"name":"wp","href":"https:\/\/api.w.org\/{rel}","templated":true}]}}